 16*r**2 - 11*r - 39. Calculate the remainder when x(-2) is divided by j(15).
19
Let g(c) be the first derivative of 3*c**2/2 + 14. What is the remainder when 15 is divided by g(2)?
3
Calculate the remainder when 14 is divided by 3 - 0/(14 + -7).
2
Suppose 3*r = 2*x - r + 8, 5*x = r + 25. Suppose 27*h = 77 + 4. Calculate the remainder when x is divided by h.
0
Suppose -p + 3 = 1, 4*r - 18 = -p. What is the remainder when 18 is divided by r?
2
Let t = 0 + 3. Suppose 0 = -4*r - 20, t*j + r - 187 = -3*r. What is the remainder when j is divided by 18?
15
Suppose 16*t - 312 = -8*t. Calculate the remainder when 25 is divided by t.
12
Suppose 0 = 2*t - 6, 4*a - t = -a + 107. What is the remainder when ((-34)/(-5))/((-6)/(-30)) is divided by a?
12
Let a(x) = 47*x + 202. What is the remainder when a(0) is divided by 42?
34
Suppose 3*f = -4*c + 6*c - 11, -c + 12 = 5*f. Calculate the remainder when 44 is divided by c.
2
Let v be -3*(-1 + 281/(-3)). Suppose 86 = s - 2*w, 4*s + 4*w = -0*s + v. Calculate the remainder when s is divided by 11.
10
Let m be 4/2 - (-196)/7. Suppose -m = 6*x - 192. What is the remainder when 78 is divided by x?
24
Suppose n + 3*g = -n + 17, -3*n = -5*g - 35. What is the remainder when 28 - (2 - (-1 + 4)) is divided by n?
9
Suppose -3*w = 2*w - 50. Suppose r - 10 = -r, -q + 2*r - 16 = 0. Let j = w + q. Calculate the remainder when 14 is divided by j.
2
Let n = -650 - -848. Calculate the remainder when n is divided by 27.
9
Suppose -1537*u + 1542*u = 1785. Calculate the remainder when u is divided by 33.
27
Let t be (-2)/7 + (-184)/(-56). Suppose -x = 4, 2*x - t*x = 4*j - 180. Calculate the remainder when j is divided by 6.
4
Suppose -5*n + 44 - 14 = 0. Let x(g) = -g**3 - 7*g**2 - 7*g + 3. What is the remainder when x(-6) is divided by (56/(-12))/(-7)*n?
1
Let x(n) = n**3 - 7*n**2 - 15*n + 15. Let t be x(9). Suppose -3*w + 25 = p, -5*p = 4*w - 8*p - t. What is the remainder when 31 is divided by w?
4
Let d(g) = 3*g**2 + 7*g - 19. Suppose s = 4*s - 75. Calculate the remainder when s is divided by d(2).
4
Let p(d) = d**2 - d - 3. What is the remainder when p(8) is divided by 5?
3
Let w = -14 - -29. Let o = w + -10. Suppose 0*s - 3*s = -24. Calculate the remainder when s is divided by o.
3
What is the remainder when 26 is divided by (-552)/(-40) + 2*(-1)/(-10)?
12
Let x = 39 + -21. What is the remainder when 172/(-7)*(95/10 - 13) is divided by x?
14
Let z(q) = -q**3 + 7*q**2 - 6*q + 9. Suppose 0 = 4*w - w + 27. Let j = w - -19. Calculate the remainder when z(5) is divided by j.
9
Suppose 5*h + 32 = 13*h. Let v(i) = -i**3 - 7*i**2 - 7*i + 8. What is the remainder when v(-6) is divided by h - 0/(7 + -2)?
2
Suppose 3*r - 618 = -7*t, -64 = -r - 4*t + 137. What is the remainder when r is divided by 41?
8
Let y = 41 - 39. Calculate the remainder when (-1)/2 + (-535)/(-10) is divided by (459/(-85))/(y/(-10)).
26
Let q(f) be the third derivative of f**5/60 - 5*f**3/6 - 14*f**2. Let h = 12 - 1. What is the remainder when q(-6) is divided by h?
9
Let q(h) = -h**2 - 4*h. Let m be q(-3). Suppose 5*c + 0*j - 207 = j, 3*c - 117 = m*j. Calculate the remainder when c is divided by 11.
9
Let m be 20*(-1 + 58/8). Suppose 0 = -9*w - m + 377. What is the remainder when w is divided by 5?
3
Calculate the remainder when 157 is divided by (6/(-9))/((-8)/36).
1
Suppose 15 = 5*z - 5. Calculate the remainder when 59 is divided by ((-12)/9)/(z/(-30)).
9
Let q(v) = 11*v - 79. What is the remainder when 79 is divided by q(8)?
7
Let k be 1 + 0 + 0 + 7. Suppose 196 = k*p - p. Calculate the remainder when 53 is divided by p.
25
Let x(y) = -8*y**3 - 2*y**2 - y. Let h be x(-1). Let i = h - -15. What is the remainder when 41 is divided by i?
19
What is the remainder when (-2*178/8)/(7/(-14)) is divided by 12?
5
Suppose 0 = 2*l + 3*f + 15 - 59, 5*f + 22 = l. Let i = 22 + -15. Calculate the remainder when l is divided by i.
1
Suppose 25*k = -117*k + 7526. What is the remainder when 65 is divided by k?
12
Suppose 110 - 50 = 2*i. Calculate the remainder when 59 is divided by i.
29
Calculate the remainder when 21 is divided by (126/315)/(-1*(-2)/20).
1
Let g = -28 + 38. What is the remainder when 68 is divided by g?
8
Suppose 3*s = 247 - 34. Let a(o) = o**2 + o + 3. Let t be a(0). What is the remainder when s is divided by (75/t - -1) + -2?
23
What is the remainder when 26 is divided by 1 + -5 + (-10 + 30 - 8)?
2
Let c = 46 - 31. Suppose -54 - c = -3*s. Let n = -36 - -44. Calculate the remainder when s is divided by n.
7
Suppose 5*s + 264 = v - 14, 3*v - 3*s - 846 = 0. Let f = v - 165. Let x = 45 - 15. Calculate the remainder when f is divided by x.
28
Suppose -2*d = 5*i - 23 - 33, 5*d = -4*i + 174. Let z = 757 - 747. What is the remainder when d is divided by z?
8
Let z = -307 - -318. Calculate the remainder when 96 is divided by z.
8
Suppose 0 + 8 = f + y, 5*y = -f + 28. Let b(t) = -t**2 + 7*t - 1. Calculate the remainder when 2/5 - (-98)/5 is divided by b(f).
9
Suppose 5*k = 78*k - 8322. What is the remainder when k is divided by 24?
18
Suppose -29*l + 84 = -8*l. What is the remainder when 17 is divided by l?
1
Let u = 570 - 530. Let m = 194 - 115. What is the remainder when m is divided by u?
39
Suppose 6*l - 2*l = -48. Let d be (1/(-1))/(4/l). Suppose -17 = d*x - 4*x. Calculate the remainder when 31 is divided by x.
14
Suppose -3*l + 3*s = -900, -5*l + 1494 = -4*s + 2*s. Calculate the remainder when l is divided by 38.
32
Let d(f) = -7*f - 7. What is the remainder when 38 is divided by d(-3)?
10
Let g be (-6)/21 + ((-18450)/35)/3. Let z = g + 251. Let a(r) = 5*r - 1. Calculate the remainder when z is divided by a(4).
18
Let u(j) = 5*j - 126. Suppose 0*g - 305 = -3*w + 4*g, -2*w - g + 185 = 0. What is the remainder when w is divided by u(30)?
23
Let w = -27 + 48. Let s(y) = 10*y**2 + 8*y - 7. Let j be s(2). Let r = 60 - j. Calculate the remainder when w is divided by r.
10
Let n(w) = 2*w**2 - 3*w + 17. Let p be n(3). Suppose 8*s - p = 62. What is the remainder when 43 is divided by s?
10
Let z(v) = 10*v**2 - 25*v + 7. Calculate the remainder when z(5) is divided by 15.
12
Let d = -16 - -65. Calculate the remainder when d is divided by 18.
13
Suppose -15 + 111 = 3*p. Let s = 4599 + -4472. Calculate the remainder when s is divided by p.
31
Let d be (10/(-3))/((-4)/12). Suppose -2*t = 3*l + 2*l - 5, -d = 2*l. Suppose 11 = i - t. What is the remainder when i is divided by 7?
5
Suppose -3*c + 45 = -48. Let z(x) = x**3 + 6*x**2 + 2*x - 7. What is the remainder when c is divided by z(-5)?
7
Suppose 77 = 5*j + 2. Suppose 67 = -15*r + 1867. Suppose r = 5*b + j. What is the remainder when 41 is divided by b?
20
Suppose -68 = -w - 3*w. Suppose 0 = -3*q + 5*f + 325, 210 = 28*q - 26*q - 5*f. Calculate the remainder when q is divided by w.
13
Let z be (-12)/18 + 10/6. Suppose 5*m - 6 + z = 0. Calculate the remainder when m is divided by 1.
0
Suppose -3*v = -13 - 266. Let y = 39 - v. Calculate the remainder when (23/2)/((-9)/y) is divided by 14.
13
Suppose 7*p + 2*m - 170 = 3*p, 60 = p + 4*m. Calculate the remainder when p is divided by 17.
6
Let n = -529 - -581. Calculate the remainder when 308 is divided by n.
48
Let o(a) = -a**2 - 8*a + 2. Let h be o(-8). Suppose -3 = h*u - 11, 5*u = 5*d - 55. Calculate the remainder when d is divided by 9.
6
Let u = 211 + -129. Calculate the remainder when u is divided by 28.
26
Let t = 104 - 73. Suppose -5*f - 8 = -108. Suppose -5*o + f = -65. What is the remainder when t is divided by o?
14
Suppose 89 = -4*l + 25. Let w = l + -2. Let m = -16 - w. Calculate the remainder when 7 is divided by m.
1
Let o(w) = w + 5*w + 2*w - 2*w. Let d(p) = 2*p. Let b(z) = -8*d(z) + 3*o(z). What is the remainder when 15 is divided by b(4)?
7
Let u = -719 + 767. Calculate the remainder when 89 is divided by u.
41
Let z(c) = c**3 - 4*c**2 + 3*c - 1. Let j = 24 + -19. Suppose j*f - 5 = 4*f. What is the remainder when z(f) is divided by 21?
18
Let g(q) = q**3 + 14*q**2 + 44*q + 3. Suppose 4*r - 42 = r. Calculate the remainder when g(-7) is divided by r.
10
Let l(b) = -b**3 - 6*b**2 + 4*b + 12. Let i be l(-6). Let d = i + 15. Suppose -5*s + 85 = 5*c, c + 4*s + 2 = 34. Calculate the remainder when c is divided by d.
0
Suppose -50*v + 6 = -47*v - 2*k, -2*v - 2*k = 6